on factor of 531 and v?
59
Suppose 2*t + 2*j = -12, -2*t + 13*j - 10*j = 2. Let h be -9 - t - (-3 + -18). What is the highest common factor of h and 1120?
16
Let y(p) = p**3 - 16*p**2 - 20*p + 99. Let m be y(17). Let w = 391 - 268. Let r = -3 + w. Calculate the highest common divisor of m and r.
24
Let a = 3671 - 3651. Calculate the greatest common divisor of a and 2860.
20
Let w = 435 - 411. Suppose w = -d + 4*d + 3*s, 8 = 4*s. What is the highest common factor of d and 111?
3
Let x(z) = 31*z + 82. Let i be x(28). Suppose -49*y = -30*y - i. Let q be 2 - 2/(2/(-23)). What is the highest common divisor of y and q?
25
Let l = -119 + 124. Let y be 250/4*4/l. What is the highest common factor of 1 and y?
1
Let u(p) = p**2 + 4*p + 6. Let v be u(-4). Let r(o) = -132*o - 19779. Let f be r(-150). What is the greatest common factor of f and v?
3
Let f = -1670 + 1755. Suppose 0 = -3*g - g. Suppose g = -3*y - 2 + 53. Calculate the highest common factor of f and y.
17
Let m = -22 - -28. Suppose 2*f - 5*l = 150, -m*f = -5*f - 5*l - 85. Suppose 7*h - f = 2*h. Calculate the highest common divisor of h and 39.
13
Suppose -18*x - 3*x + 6365 = -5563. Calculate the highest common factor of 2201 and x.
71
Let y = 17 - -30. Let u = -42 + y. Suppose 6 + u = 3*m - c, -2*m - 3*c = -11. Calculate the highest common factor of 36 and m.
4
Let x = -1253 + 1361. Suppose 2*g = 5*m + 207, -2*g = m - 4 - 185. What is the highest common divisor of g and x?
12
Let m(r) be the second derivative of -13*r**5/10 + r**3/2 - r**2 - 331*r. Let i be m(-2). Calculate the highest common factor of i and 80.
40
Let q be 13 - (-11 + 17) - -18. Calculate the highest common divisor of 3425 and q.
25
Suppose -1256 = -3*h - 296. Calculate the greatest common factor of 4 and h.
4
Suppose -204*v + 9209 = -583. Let l = 4 - -8. What is the highest common divisor of v and l?
12
Suppose -2*i + 189 = -21. Suppose -2*q - 2*n = 3*n - 60, 115 = 3*q - 5*n. Suppose 3*k + q = 98. What is the highest common factor of i and k?
21
Let v = -489 + 494. Let p be 74 + -35 + (2 - v). Calculate the greatest common divisor of 900 and p.
36
Suppose 0 = -13*z - 7*f + 3*f + 1623, -3*f + 141 = z. What is the greatest common divisor of z and 6?
3
Suppose -36*y + 5*y + 13175 = 0. Let p = y + 17. What is the highest common factor of 52 and p?
26
Let p be (2 - 2/2)*6. Suppose -77*c - 53*c + 30414 = 7*c. What is the highest common factor of p and c?
6
Suppose 0 = 4130*f - 4122*f + 144. Let y(h) = 4*h**2 - 4 - 21*h - 2 - 5*h**2. Let c be y(f). What is the greatest common divisor of 24 and c?
24
Let g be 246 + -3 + (0 + 2 - -3). Let a(t) = -t - 7. Let s be a(-38). Calculate the highest common divisor of g and s.
31
Suppose 0 = -4*h + 2*a + 10042, -2*a = -3*h - 461 + 7992. Calculate the highest common divisor of 31 and h.
31
Let p(n) = 347*n**2 + 871*n - 5212. Let u be p(6). What is the highest common factor of u and 222?
74
Suppose -5*s - 4*z = -242, 59 = 3*s - 4*z - 99. Let b be (-7 + 3)*6/(-3). Let v be 6/b - (-679)/28. What is the highest common factor of v and s?
25
Let b(a) be the third derivative of 47/6*a**3 + 1/4*a**4 + 0*a - 29*a**2 + 0. Let k be b(0). What is the greatest common factor of 94 and k?
47
Let d be -1 - (-1 - (-3 - -12)). Suppose 1 = d*q - 134. Calculate the highest common divisor of q and 5.
5
Let m(x) = -x**3 - 9*x**2 - 32*x - 10. Suppose 144 = -51*g + 27*g. Let o be m(g). Calculate the highest common divisor of o and 74.
74
Let d = 6228 - 6132. Calculate the highest common divisor of d and 2064.
48
Suppose 0 = 71*o + 117*o - 41172. What is the highest common divisor of o and 90?
3
Let s(t) = -1403*t - 1702. Let f be s(-3). Calculate the highest common factor of 115 and f.
23
Let l be 1 - 5/6 - 2440/(-48). Let a be (-147)/539 + (-45450)/(-33). What is the highest common divisor of l and a?
51
Suppose -3*u + 192 = 4*x, 119*x = -u + 124*x + 64. What is the greatest common divisor of 4448 and u?
32
Let w = 4604 + -4600. What is the greatest common divisor of w and 820?
4
Let z be (190/20 - 11)/((-3)/8). Let f be (3/z)/(-6*3/(-936)). What is the greatest common divisor of f and 117?
39
Let z(q) = 26*q**2 + 2*q. Let g be z(-1). Let i(b) = -60*b - 228. Let c be i(-6). Calculate the greatest common divisor of c and g.
12
Let v(y) = -y**3 - 3*y**2 + 4*y - 10. Let c be v(-5). Suppose c*l + 0*l = 7140. What is the highest common factor of 42 and l?
21
Suppose 6*s + 11 = 5. Let w be s/(24/114)*-4. What is the highest common divisor of w and 1?
1
Suppose -2*h + 3*h + 87 = 3*c, 2*c + 3*h - 47 = 0. Let g be 35/(-10)*(-48)/28. Suppose -13*d = -g*d - 196. What is the greatest common divisor of c and d?
28
Suppose 8*x - 795 - 573 = 0. Let n = x + -156. Let s be (3 - 4 - -3)*15. Calculate the greatest common divisor of n and s.
15
Let d(y) = 2*y**2 + 92*y + 906. Let m be d(-32). Calculate the greatest common divisor of 1210 and m.
10
Suppose -3*u + 322 = -w, 5*w + 47 = -u + 133. Suppose 116*v - 160 = u*v. What is the greatest common factor of v and 6?
2
Suppose 0 = -10*a + 6*a + 84. Suppose -476*t + 471*t = -3*v + 505, -4*t = -2*v + 334. What is the greatest common divisor of v and a?
7
Let r be (-231)/55*(-175)/21. Suppose 75 + 30 = r*h. Suppose 0 = 2*j - 5*w - 16, -3*j + w + 15 = -2*w. Calculate the highest common factor of h and j.
3
Suppose -1440 = 800*j - 806*j. What is the highest common factor of j and 112?
16
Suppose -69*x + 185*x + 165*x - 18546 = 0. Let d be 43 - (-1 + 1 - -1). Calculate the greatest common factor of x and d.
6
Suppose -181 = -12*c - 937. Let x = c - -63. Let t be (-3 - 3)*(-4 - x). Calculate the greatest common factor of 8 and t.
8
Suppose 40 = 17*u - 15*u. Let m be ((24/(-14))/(-1))/(u/210). Calculate the greatest common divisor of m and 24.
6
Let n be 2 + (-1*1 - 426/(-6)). Suppose b = 3*b - 100. Let f be (-2)/(-5) + 430/b. What is the greatest common divisor of f and n?
9
Let l = 72 - 70. Suppose f - s = 53, -l*s = 3*f + s - 183. Let m(g) = -g**3 - 2*g**2 + 4*g + 3. Let a be m(-4). Calculate the highest common divisor of a and f.
19
Let k = -79 + 84. Suppose 148 = -2*z + k*b, -4*z - 4*b - 255 = 97. Let p = -78 - z. Calculate the greatest common divisor of 42 and p.
6
Let b = -474 - -486. Let q be (-4)/(-4)*-50 + 1. Let a = q - -133. Calculate the greatest common factor of b and a.
12
Let v(f) = -f**3 + 11*f**2 + 28*f + 3. Let l be v(13). Let q(x) = x**3 + 7*x**2 - 18*x + 19. Let u be q(-7). What is the greatest common divisor of u and l?
29
Let u = 6248 - 2422. Calculate the greatest common divisor of u and 2.
2
Let s = -16023 + 16037. Calculate the greatest common divisor of s and 538.
2
Let o(s) = s**3 + 21*s**2 + 40*s + 41. Let z(f) = 8*f - 227. Let d be z(26). Let u be o(d). Calculate the highest common factor of 129 and u.
3
Let s = -4 - -9. Suppose -3*a - 490 = -s*a. Suppose -d + a = 4*d + 3*n, -265 = -5*d + n. Calculate the highest common divisor of 13 and d.
13
Suppose -47 = -5*g - 3*q + 4466, -3*g + 2691 = -q. Calculate the highest common factor of g and 31.
31
Suppose -4*s + 64 = -2*w, 2*s + 3*w + 51 = 5*s. Suppose 3*g + 25 = 1, -5*l + 865 = 1140*g - 1145*g. What is the highest common divisor of s and l?
15
Suppose 0 = 20*t - 21*t + 11. Let u be 478/((-9)/(18/(-4))). Suppose 3*r - u - 58 = 0. Calculate the greatest common divisor of r and t.
11
Let g(n) = 261*n + 2509. Let a be g(-9). Suppose 4*o + o - 160 = 0. Calculate the highest common factor of a and o.
32
Let l = 136 + -70. Let y = l - 58. Suppose -y*h - 21 = -15*h. Calculate the greatest common divisor of h and 3.
3
Suppose 0 = -0*k - 6*k + 1021 + 5. Let f be (1 + 1)/(2/19). Calculate the greatest common divisor of k and f.
19
Let z be 47/(423/(-90)) - -22 - 5/(-1). Suppose -4*x + x = -3. Let p be (x - 2)/(-2)*68. Calculate the greatest common factor of p and z.
17
Let d(a) = -4*a**2 + 2*a + 1. Let x be d(-2). Let i = x + 22. Suppose -2*j = i*j - 150. Calculate the highest common factor of j and 15.
15
Suppose 16*c - 636*c + 86*c + 12282 = 0. What is the highest common factor of 52141 and c?
23
Suppose 18*c - 4*n + 678 = 20*c, -c + 5*n + 381 = 0. Calculate the highest common divisor of c and 390.
39
Suppose 603 = 4*t - 2*w + 115, 0 = 4*w + 8. Let g = -37 - -11. Let y = g + 37. What is the highest common divisor of y an